igit of s?
4
Let z(j) = -126*j + 4. What is the tens digit of z(-1)?
3
Suppose u - 11 = -2*w, 2*u = 2*w - 4*w + 8. What is the tens digit of (w + -8)/(2/(-394))?
9
What is the tens digit of 40/30 + 55449/27?
5
Let b = 18 - 5. Suppose -18*t = -b*t - 220. What is the units digit of t?
4
Let u = 13 + -10. Let p be 0/(u/((-3)/2)). Suppose -3*q + 9 = p, 5*q = -r + q + 31. What is the units digit of r?
9
Suppose 14 = -5*z + 64. Let f(y) = 6 - 10 - 3*y - z. What is the tens digit of f(-8)?
1
Let y(q) = -q**2 + 8*q - 4. Let f be y(7). Let s be -1*9/f + 345. What is the units digit of 8/(-52) - s/(-26)?
3
Let s(f) = f**3 + 12*f**2 + 10*f - 11. Let g be s(-11). Let h(d) = -d**3 + d**2 - d + 22. What is the units digit of h(g)?
2
Let b(g) = 4*g - 4. Let c(s) = 5*s - 3. Let l(n) = 4*b(n) - 3*c(n). Let x be l(11). What is the tens digit of ((-82)/x)/(2/(-4))?
4
What is the units digit of 2/(-7) - (15762/(-42) - -4)?
1
Suppose -a + 2*z + 124 = a, 4*a - z - 251 = 0. Let l = 120 - a. What is the units digit of l?
7
Let s be 0 + (-8)/60 - 1504/(-30). Let b = s + 140. What is the hundreds digit of b?
1
Let f be ((-9)/(-2) + -4)*1912. Suppose -z + 0*k + k = -231, -4*k = 4*z - f. Suppose -3*v - 2*v + z = 0. What is the units digit of v?
7
Suppose 2*q = -0*q + 826. Suppose 4*j = 3*i - q, 5*j = 5*i - 760 + 240. Let w = j + 158. What is the tens digit of w?
5
Let c = -201 - -271. Let m(l) = l**3 - 5*l**2 + 2*l - 5. Let d be m(5). Suppose -d*f + 7*f = c. What is the units digit of f?
5
Suppose -8*z + 12*z = 264. Let f = z + -3. What is the units digit of f?
3
Let t(u) = 4*u**3 + 0*u**3 - u**3 - 4*u**3 + u**2. Let x be t(-5). Suppose -4*a + x = a. What is the tens digit of a?
3
Let a(b) = b**2 - 6*b + 2. Let c be a(6). Let x(g) = -3*g**3 + 0*g**3 + g + 2*g**3 + 2*g**c. What is the units digit of x(-1)?
2
Suppose -2*y + 5*r = -3135, 4*y + 0*y - r - 6243 = 0. What is the tens digit of y?
6
Let j(k) be the second derivative of -5*k**4/12 - k**3/3 + k**2/2 - 5*k. Let v be j(2). Let y = 50 + v. What is the units digit of y?
7
Let s(k) = 17*k**2 - 3*k - 21. What is the units digit of s(-3)?
1
Let m(u) = u**3 - 9*u**2 - 5*u - 9. Let w be m(9). Let s be (1*13)/((-9)/w). What is the units digit of (-2)/12 + 1963/s?
5
Let z = 20 - 13. Let n be 2/(-14) + 22/z. Suppose 2*v + n - 13 = 0. What is the units digit of v?
5
Suppose -11*i = -8*i + 3*s - 6165, -2*s = i - 2060. What is the thousands digit of i?
2
Let g(j) = j**2 - 7*j + 5. Let n be g(4). Let z(b) = 6*b**2 - 6 + 22*b + b**3 - 18*b - 15*b. What is the tens digit of z(n)?
2
Let i(w) = 3*w**2 + 4*w - 44. Suppose -23 = -8*y - 103. What is the hundreds digit of i(y)?
2
Suppose -77*k - 868 = -70*k. Suppose 2*f = 3*f - 9. What is the units digit of (f/6)/((-6)/k)?
1
Let k(j) = 6*j**2 - 8*j + 64. What is the hundreds digit of k(4)?
1
What is the hundreds digit of (-22)/(-165) + (-403497)/(-135)?
9
Let w = 48 - 45. Let q(n) = 23*n**2 - 2*n + 10. What is the tens digit of q(w)?
1
Let z(y) = y + 18. Let w(k) = 2*k + 18. Let f(r) = 4*w(r) - 5*z(r). What is the units digit of f(15)?
7
Let x(i) = 76*i**2 - 14*i - 16. What is the units digit of x(-4)?
6
Suppose 2*h - 3 = -h. What is the tens digit of (h*4)/((-22)/(-484))?
8
Suppose -w + 0*n + 2*n = -280, -4*w - 3*n + 1120 = 0. Suppose 3*h - w = -5*y, 0 = -5*y - h + 248 + 42. What is the tens digit of y?
5
Let a be 48/(-14)*(-70)/20. Suppose 10*t - a*t + 242 = 0. What is the hundreds digit of t?
1
Let m = -166 - -109. What is the hundreds digit of m/(-6)*-1*(-56)/4?
1
Let y(p) = 15*p**3 + 31*p**2 + 37*p - 11. Let u(k) = 7*k**3 + 15*k**2 + 18*k - 5. Let o(c) = 13*u(c) - 6*y(c). What is the tens digit of o(-7)?
1
Let t(s) = 2 - 2*s**2 + 8*s - 6 + s**2 - s. Let n be t(6). Suppose -3*p = 3*h - 51, -p = -2*h + 23 + n. What is the units digit of h?
4
Suppose 72*u = 84*u - 5292. What is the tens digit of u?
4
Suppose -108 = -15*m + 18*m. Let r be (-6)/27 - 9368/m. Suppose 3*v - 8*v = -r. What is the units digit of v?
2
What is the tens digit of (-18)/((-130)/(-135) - 1)?
8
Suppose -2*i - 7 = 115. Let y = -8 - i. What is the units digit of y?
3
Let m be (-128)/((-20)/(-70) - 5/(-7)). Let s = 29 - m. What is the tens digit of s?
5
Let s(o) be the second derivative of o**5/5 - o**4/4 - 2*o. Let a(y) = -y**2 + 5*y + 2. Let c be a(5). What is the units digit of s(c)?
0
Let m(l) = 48*l + 60. What is the hundreds digit of m(25)?
2
What is the tens digit of (321/3)/(8/48*2)?
2
Suppose -3*f = -648 + 180. Suppose 10*z - 13*z + f = 0. What is the tens digit of z?
5
Suppose 110 = 4*g + 330. What is the units digit of (g/(-44))/(1/32)?
0
Suppose 0 = -5*o + 13*u - 10*u + 2731, -2*o - 4*u + 1108 = 0. What is the units digit of o?
8
Let o(m) = 2*m**2 + 2*m - 6. Let i(s) = -s**2 + 5*s + 18. Let b be i(8). What is the units digit of o(b)?
4
Let f(i) = -2*i**2 - 8*i - 2. Let y be f(-3). Suppose 0 = 4*z + 5*b - 237, -4*b + 84 + 156 = y*z. What is the tens digit of z?
6
Suppose -5*d + 32 = 7. Let v(r) = 20*r - 12. What is the tens digit of v(d)?
8
Let l(j) = -j**3 - 15*j**2 + 21*j + 26. Let z be l(-16). Let x = 97 + z. What is the tens digit of x?
4
Let j(q) = 2*q**2 + 35*q + 8. Let b be j(-14). What is the tens digit of ((-372)/(-10))/((-36)/b)?
9
Let r(q) = 2*q**2 + 9*q + 5. Let k be r(-6). Let g = -32 + k. Let w = g - -22. What is the tens digit of w?
1
Suppose 0 = 2*g + 5*y - 1046, 2*y = -5*g + 5*y + 2584. Let l = g - 329. Suppose 2*x - 5*n - 40 = 0, -5*x - 43 = -n - l. What is the tens digit of x?
3
Let y = -7 + 12. Suppose -y*v = -6*t + 2*t - 3, 15 = v + 4*t. What is the units digit of v?
3
Let x be (-103)/5 + 4/(-10). Let g be (-4 - -2)*(-6)/(-72)*-12. Let y = g - x. What is the tens digit of y?
2
Let r(a) = 2 - 3 + 3*a**2 - 18*a + 19*a. Let i be r(1). Suppose -i*m + 8*m - 170 = 0. What is the tens digit of m?
3
Suppose -6*v + 8823 = -957. What is the hundreds digit of v?
6
What is the tens digit of ((-114)/6 + 7)/(1/(-286))?
3
Suppose 10*a - 10 = 5*a. Suppose 153 + 351 = a*j. What is the hundreds digit of j?
2
Let c = 857 + -372. What is the units digit of c?
5
Suppose -32 = 5*z - z + 2*p, -4*p = 3*z + 34. Let h(w) = -w**3 - 5*w**2 - 17*w - 12. What is the hundreds digit of h(z)?
1
Let b = -90 + 26. Let y(x) = 17*x + 6. Let o be y(5). Let q = b + o. What is the tens digit of q?
2
Let r = 111 + -1. Let k = r + -34. What is the units digit of k?
6
Let o = -16 - -18. Let l be o - 2*2/(-4). What is the tens digit of ((-6)/4)/(l/(-42))?
2
Let s(c) = -9*c + 43. Let d(r) = -10*r + 42. Let f(t) = -6*d(t) + 7*s(t). What is the units digit of f(0)?
9
Let n = 2763 + -1748. What is the tens digit of n?
1
Let b(i) = 652*i**2 + 3*i + 3. What is the tens digit of b(1)?
5
Let x = -2 + 6. Suppose 0 = 2*l + 6 + 4, j - 24 = x*l. Suppose 2*a + 2*a = j*w + 96, 4*a - w = 81. What is the units digit of a?
9
Let v = -252 - -366. Suppose 0 = 11*c - 8*c - v. Suppose 3*x = -m - 5 + c, 4*x = -2*m + 68. What is the tens digit of m?
3
Let l = 6 + 9. What is the tens digit of l*((-3 + 12 - 1) + -1)?
0
What is the units digit of (-2*186/(-12))/((-1)/(-5))?
5
Suppose 4*c - 5*c + 7 = 0. Suppose -5*l - 4 = -c*l. What is the units digit of 37/l + 4/(-8)?
8
Let k = -183 - -190. Let m(c) be the third derivative of -c**6/120 + 7*c**5/60 + c**4/8 + c**3/6 - c**2. What is the units digit of m(k)?
2
Suppose -q = 2*q. Suppose 15 = -4*d + 35. Suppose -d*y + 5*w = -135, q*y + 57 = 3*y + 5*w. What is the tens digit of y?
2
Let g be 2/(-4) + 66/4. Let o be 0 - 3 - g/(-2). Let y = o - 1. What is the units digit of y?
4
Let w(j) = j**3 - 5*j**2 - j - 6. Let u be w(5). Let m(k) = -3*k + 21. What is the tens digit of m(u)?
5
Suppose 0 = 4*j + j - 25. Let q(v) = -v**3 + 6*v**2 - 5*v. Let d be q(j). Suppose -2*s + 4 = d, -6*z + 5*s = -z - 15. What is the units digit of z?
5
Suppose 3*m - 17*m = -8078. What is the tens digit of m?
7
Let c(x) = -x**3 + 5*x**2 + 4*x + 12. Let z be c(6). Suppose a - 4*r - 53 = z, -3 = r - 1. What is the tens digit of a?
4
Let q(i) = 3*i**2 + 10*i - 11. Let y be q(10). Let r = y - 165. Suppose -3*o + r = -4*a, 3*o - 43 = 2*o - 5*a. What is the tens digit of o?
6
Let i = -25 - -207. Let v = -106 + i. What is the units digit of v?
6
Suppose 0 = -2*d - 4*y + 140, 2*y - 80 = -d - 2*y. What is the tens digit of d?
6
Let v(y) = y**3